= k + z - 9, 4*z = -0*z + 16. What is the greatest common factor of a and k?
5
Let z be ((-16)/12)/((-4)/9). Suppose 13 + 8 = -z*d. Let s = -2 - d. What is the highest common factor of s and 20?
5
Let p = 35 - 63. Let l(z) = z**3 + 27*z**2 - 30*z + 61. Let u be l(p). Calculate the greatest common factor of u and 39.
39
Let r be (-4)/30 + (-959)/(-105). Let y be -12*((-18)/8)/r. Suppose 0 = -y*o + b + 301, -o = -5*b + 2*b - 111. What is the greatest common divisor of o and 11?
11
Suppose -366*z = -373*z + 2527. Calculate the highest common factor of 38 and z.
19
Let a(g) = g**3 + 5 + 8*g**2 - 2*g**3 + 0*g**3 - 9*g. Let r be a(6). What is the highest common factor of 46 and r?
23
Let c be 876/9 - (-16)/24. Calculate the highest common factor of 1 and c.
1
Let r(n) = -n**3 + 6*n**2 - n - 4. Let w be r(4). Let y = -141 - -177. Calculate the highest common divisor of y and w.
12
Let m be (2 + (-8)/6)*(-1464)/(-16). Let s = 115 - m. What is the highest common divisor of 36 and s?
18
Suppose 3*s = -0*s - 5*j + 30, 5*s - 5*j = 10. Suppose 4*i - 44 = 4*r, -r + 5*r = s*i - 59. Calculate the highest common factor of 165 and i.
15
Let f be (-8 + 0)/(10/(-85)). Suppose -4*h - 124 = -532. Calculate the greatest common divisor of f and h.
34
Let c be (2 + 10*3)*20/40. Let f be -10*((-78)/15 + 4). What is the greatest common divisor of f and c?
4
Suppose -9 = -56*d + 55*d. What is the greatest common divisor of d and 549?
9
Let a(v) = 2*v**2 + 25*v - 106. Let h be a(-18). What is the greatest common divisor of h and 1334?
46
Let s be (-28)/(-13) + (-10)/65. Let z(o) = 36*o - 3. Let x be z(s). Calculate the greatest common divisor of x and 23.
23
Let j be (296/16 + -5)*(-8)/(-3). Calculate the highest common factor of 198 and j.
18
Let m(r) = r - 23. Let y(p) = -p + 22. Let x(t) = -5*m(t) - 6*y(t). Let v be x(8). Let w be (-2)/1*v/2. Calculate the greatest common factor of w and 1.
1
Suppose -a + 1060 = 3*a - 4*d, 0 = -4*a + 2*d + 1052. What is the highest common divisor of a and 29?
29
Let t be 0 - -5 - (2 - 0). Let v be (t/(-9))/(2/(-12)). Suppose v*q + 4 = 14. Calculate the greatest common factor of 25 and q.
5
Let a = 35 + -35. Suppose -2*v + 2*d + 550 = a, -2*v + d + 555 = -0*d. What is the highest common factor of 40 and v?
40
Let p be 192 + -21 + -4 + 15. What is the highest common factor of p and 28?
14
Let m be 16*(-16)/(-256) - -571*1. Calculate the highest common divisor of 44 and m.
44
Let f(l) = l**3 - 5*l**2 - 7*l + 14. Let c be f(5). Let v = 12 - c. Let d = 9 - 6. Calculate the highest common divisor of v and d.
3
Suppose -5*l + 37*k + 4302 = 40*k, -1 = k. Calculate the greatest common divisor of 42 and l.
21
Let d(h) = -229*h - 9. Let q be (-68)/(-51) - (-14)/(-6). Let b be d(q). Calculate the greatest common divisor of 20 and b.
20
Let m(s) = s**3 + 13*s**2 - 31*s - 13. Let k be m(-15). Suppose 0 = k*v - 16 - 36. Calculate the highest common divisor of 52 and v.
26
Let z be 1/(2*(-2)/4) + 15. Let w = -230 - -384. What is the highest common divisor of w and z?
14
Let k = 79 + -15. Let x be 15 - -4*2/(-8)*-1. What is the greatest common factor of x and k?
16
Suppose 0 = -3*o + 6, 4*x - 5 = -o + 33. Calculate the greatest common divisor of x and 12.
3
Let f = -45 + 63. Suppose -5*p + 7 = -f, -4*u + 3*p + 1 = 0. Suppose 9*i - u*i - 260 = 0. What is the highest common factor of i and 78?
26
Suppose -15*s = -17*s + 132. Suppose -4*w - 127 = -6*d + d, -s = -3*d - w. Calculate the highest common factor of d and 23.
23
Suppose 0 = 31*j - 1595 + 14. What is the highest common divisor of j and 136?
17
Let s be (32/(-20) - 5)/((-4)/20). What is the greatest common divisor of 825 and s?
33
Let w be 258*-5*6/(-60) - 1. Calculate the highest common divisor of 160 and w.
32
Let s(i) = -i**3 - 6*i**2 - 7*i - 1. Let w be s(-5). Suppose -98*k = -4*h - 103*k + 46, 3*h - k - 25 = 0. What is the greatest common factor of h and w?
9
Suppose -2*g + 5*i + 15 = 0, -4*i - 36 = -3*g - 10. Let j be (-14)/((-50)/(-12) - 4). Let f = -24 - j. What is the highest common divisor of g and f?
10
Suppose 220 = q + 34. Suppose -43 = -p + 3*c, 2*p + q = 6*p + 2*c. Suppose -p = -h + 4. What is the greatest common divisor of 25 and h?
25
Let o(a) = a**3 + 9*a**2 - 10*a - 8. Let r be o(-10). Let q be 2086/22 + r/(-44). Calculate the greatest common divisor of 19 and q.
19
Suppose 11 + 9 = 2*p. Let u = p - 3. Let x(s) = s**2 - 2*s + 4. Let g be x(u). What is the highest common factor of g and 13?
13
Let k be 225/18*(7 - 3). Calculate the highest common factor of 80 and k.
10
Suppose -w - q + 489 = -2*q, -3*w = -q - 1465. Calculate the greatest common divisor of 8 and w.
8
Let x(n) = -385*n - 651. Let z be x(-3). What is the highest common divisor of 224 and z?
56
Let l = 43 + -27. Calculate the greatest common factor of 688 and l.
16
Let t(p) = 3*p**2 - 4*p + 6. Let u be t(6). Suppose -13*v - 42 = -18*v + x, -4*v = -4*x - 24. What is the highest common factor of u and v?
9
Let m = -152 + 155. What is the greatest common divisor of m and 48?
3
Suppose -2*a + a + 765 = 5*g, -a = -g + 159. Suppose 0 = -3*v + 24 + 18. What is the greatest common factor of g and v?
14
Let x be 0 + 0 - (-5 - -2). Suppose 0*r - x*r + 69 = 0. Calculate the greatest common factor of r and 253.
23
Let m(v) = -v**2 - 8*v - 12. Let i be m(-6). Suppose 0 = -4*w + 17 + 55. Suppose -4*u + w + 10 = i. What is the highest common divisor of u and 7?
7
Let u(d) = -4*d - 3. Let p be u(-6). Suppose -36*y + 81*y = 36*y + 189. What is the greatest common divisor of y and p?
21
Let k(f) = 2*f**2 - 22*f + 28. Let w be k(12). What is the greatest common factor of w and 2?
2
Suppose 0 = -d + 5*t + 15, d + 5*t = 3*t + 1. Suppose -d*g + 104 = -g. What is the highest common divisor of 234 and g?
26
Let g be (2/3)/(1/(-3)). Suppose -10 = 5*y - b, 3*y + 7 + 6 = 2*b. Let t be ((g + -8)/y)/2. Calculate the highest common factor of t and 15.
5
Let q(g) = -g**3 + 6*g**2 + 3*g - 4. Let o be q(5). Suppose -2*w = 2*z - o, -5*w = -2*w + 4*z - 51. What is the greatest common factor of w and 168?
21
Let p(q) = -q**2 + 8*q - 6. Let v be p(6). Let l(g) = 124*g - 1225. Let t be l(10). What is the greatest common factor of t and v?
3
Suppose 0 = 16*l - 10*l + 12. Let w be (-4)/(l + -2) - (3 - 44). Calculate the greatest common factor of 210 and w.
42
Suppose 0*q = 2*q - 48. Let m be (4/6)/1*6. Suppose 0*a + m*k = a - 12, 3*k = 9. Calculate the greatest common divisor of a and q.
24
Let a = -33 - -12. Let o be (216/a)/4*-14. Let b(g) = 89*g**2 + 1. Let l be b(-1). Calculate the greatest common divisor of o and l.
18
Let y be 256/448 - ((-624)/21)/4. Calculate the greatest common divisor of y and 512.
8
Suppose -14 = 3*s + 4*f, -3*f = s + 6 + 2. Let c be 75/10 + s/(-4). Calculate the highest common divisor of c and 64.
8
Suppose c + c - 98 = 0. Calculate the greatest common factor of c and 147.
49
Suppose 0 = 161*l - 168*l + 112. Calculate the greatest common divisor of 76 and l.
4
Let g = 196 - 73. Calculate the highest common divisor of 82 and g.
41
Suppose 2*q - 1762 = 1598. What is the greatest common factor of q and 7?
7
Let y be (264/(-77))/((-4)/14). What is the highest common factor of 24 and y?
12
Suppose p - 3*i = 4*p - 318, 4*i = 5*p - 548. Let v(b) = -b**2 - 5*b + 8. Let n be v(-4). Calculate the highest common factor of p and n.
12
Suppose -2*c = -j - 9 + 5, 0 = -5*j - c + 35. Calculate the greatest common factor of j and 23.
1
Let n(g) = -6*g - 6. Let a be n(-2). Suppose a*u = -u + 385. What is the greatest common divisor of 11 and u?
11
Let h = -127 + 247. What is the highest common factor of h and 15?
15
Suppose -t = -3*x + 3, -t - x - 3*x - 17 = 0. Let w(v) = -4*v - 2. Let j be w(t). What is the greatest common divisor of 34 and j?
34
Let z be 435/105 + (-1)/7 - -1231. Calculate the greatest common factor of z and 65.
65
Let q = 16 + -1. Let b = q - -15. What is the greatest common divisor of 5 and b?
5
Let o be (-2)/(-14) - (1 + (-21920)/28). Calculate the greatest common divisor of o and 34.
34
Let m(j) = j**2 + 19*j - 81. Let q be m(-23). What is the highest common factor of 187 and q?
11
Let t be 2/9 - 1846/(-117). Let s = 17 - t. Let f(c) = 23*c**3 - c. Let j be f(s). What is the greatest common factor of 88 and j?
22
Let 